80 = -3*p. Let x = 156 - k. Suppose 0 = 3*i - 3*s - x, -2*i + 11 = -3*s - 26. Is i a multiple of 13?
True
Let v = 11 - -1. Is 12 a factor of v?
True
Suppose 3*t - 5*t - 5*r - 34 = 0, -5*t = 4*r + 119. Let f be (-40)/(-1) - (6 + -5). Let b = f + t. Is 6 a factor of b?
True
Let c(q) = q**2 + q. Let d be c(2). Let s = 23 - d. Does 17 divide s?
True
Let s = 38 + -26. Let x = -8 + s. Suppose -x*b = -32 - 44. Does 19 divide b?
True
Let t(w) be the first derivative of -w**4/4 - 2*w**3 + 2*w - 3. Let j be t(-6). Let q = 7 + j. Does 4 divide q?
False
Let f(a) = a**3 - 14*a**2 + 4*a + 15. Is 16 a factor of f(14)?
False
Suppose 0 = -2*g - 3 - 1. Let i = g + 7. Is 3*i*(-28)/(-10) a multiple of 11?
False
Let y be 2/3 + 4/3. Suppose 2*a = w - 15, -2*w - y*a + 24 = -30. Does 23 divide w?
True
Let q = 6 + -12. Let i(c) = c**3 + 3*c**2 - 6*c - 10. Let r(l) = l**2 - l + 1. Let v(h) = i(h) + 2*r(h). Is 4 a factor of v(q)?
True
Let t(j) = j**2 + j - 4. Let g = 8 - 9. Let b = 4 + g. Is t(b) a multiple of 3?
False
Let g = 0 + 2. Suppose i + g*i = 0. Suppose -4*q + 4 = i, 2*w - 17 = -3*w - 2*q. Does 3 divide w?
True
Let r(z) = -5*z**2 - 17*z + 8. Let s(v) = 11*v**2 + 35*v - 17. Let m(g) = -13*r(g) - 6*s(g). Is 16 a factor of m(9)?
True
Let w(b) = b - 6. Let m be w(7). Let x = 7 - m. Let h = x - 0. Is 6 a factor of h?
True
Let g(y) = y**3 + 4*y**2 + y - 2. Let l be g(-4). Does 6 divide 7/(0 - 3/l)?
False
Let t(u) = u**2 + u - 4. Let b(s) = s**2 - 4. Let f(z) = 4*b(z) - 3*t(z). Suppose 4*k - x = 2*x - 12, -6 = 2*k - 2*x. Is 14 a factor of f(k)?
True
Let v(l) = -l**3 + 8*l**2 + l - 2. Let w be v(7). Let r = -30 + w. Is r a multiple of 12?
True
Let u be (-384)/21 + 4/14. Let k = 30 + u. Is k a multiple of 3?
True
Let s = -9 - 1. Let q(i) = -i + 5. Does 15 divide q(s)?
True
Suppose 4*d = 5*d. Let q = d + 6. Suppose 0 = m - q + 1. Is m a multiple of 5?
True
Is -3 - -2 - (-528)/6 a multiple of 13?
False
Let v(w) = 2*w - 2*w**2 - w - w**3 + 0*w. Let h be v(1). Is h/9 + 184/18 a multiple of 7?
False
Suppose 2*n - 334 = -4*t, -342 = -2*n - 4*t + 8*t. Is n a multiple of 13?
True
Let g = 1 - 2. Let q(x) = -26*x. Let l be q(g). Let j = l + -6. Is j a multiple of 12?
False
Let z(l) = 6*l**2. Let o be z(1). Suppose 4*u - 12 = 5*m, 9 = -5*u - 2*m + 57. Let x = u - o. Is x a multiple of 2?
True
Let l = -25 + 21. Let j = l + 13. Does 3 divide j?
True
Let s = -4 + 39. Does 35 divide s?
True
Let g = 15 - -6. Does 7 divide g?
True
Suppose -j - 2*o + 3*o = -96, 0 = -2*o + 8. Does 25 divide j?
True
Let t(s) = -s**3 - 5*s**2 + s + 3. Let l be t(-5). Let g = l - -18. Is g a multiple of 8?
True
Suppose -5*h - 14 = -0*h - 4*b, 2*h + 5*b = 1. Does 22 divide -3*h/(-12)*-44?
True
Suppose 5*x + 85 = u + 19, 2*x = -8. Let j be u/2 - (-3 + 3). Suppose -67 = -3*k + j. Is 11 a factor of k?
False
Suppose -13 = 4*o + u + 3, 2*o + 8 = -5*u. Is (-64)/20*10/o a multiple of 8?
True
Is 31 a factor of (-186)/(-4)*(0/2 + 4)?
True
Suppose 7 = 2*i - 1. Let q = i - 0. Is 7 a factor of q/(-12) - 43/(-3)?
True
Let z(a) = -83*a**3 + a**2 + 3*a + 2. Is 24 a factor of z(-1)?
False
Let z(b) = -62*b**3 + 2*b**2 + b. Let p be z(-1). Suppose -6*x + p = -21. Is 7 a factor of x?
True
Suppose 2*y = -4 + 32. Does 10 divide (-2 - -3)/(1/y)?
False
Suppose 2*d = 5*f - 0*d - 104, 26 = f - 3*d. Suppose 4*k - 32 = -0*h - 4*h, -5*h - k + f = 0. Suppose -8*q + 15 = -h*q, 5*x = 2*q + 214. Does 26 divide x?
False
Let k(c) = 7*c. Let o be k(9). Suppose -283 + o = -5*r. Is r a multiple of 11?
True
Suppose 2*c = -5*d - 90, 2*d + 38 = -4*c - 14. Let j = -10 - d. Suppose -15 = -o - j. Does 7 divide o?
False
Let w = 18 - 11. Does 7 divide w?
True
Let f(b) = -b**2 + 8*b + 8. Is 15 a factor of f(7)?
True
Suppose -2*w + 3*b - 6 = -0*w, 20 = 5*b. Suppose -2*v + 15 = w*v. Suppose -v*y - 210 = -8*y. Does 21 divide y?
True
Suppose -13 = -l + 8. Is 6 a factor of l?
False
Suppose -13 - 41 = -3*j + 3*c, -5*c + 81 = 4*j. Suppose 2*h - 3*h + j = 0. Does 8 divide h?
False
Is 13 a factor of (1 + -3)/((-1)/13)?
True
Let i be 0 + (3*-2)/(-3). Suppose -z + i*t + 48 = 0, t + 146 = 3*z - 4*t. Is z a multiple of 15?
False
Does 8 divide (10/(-15)*3)/((-2)/85)?
False
Let x = 31 + -19. Is 6 a factor of x?
True
Suppose 21 = -0*d - 2*d + 3*f, 0 = d + 4*f - 17. Let c = d - -38. Does 16 divide c?
False
Let j be 6/21 - 60/14. Let f be (-7 - -2)/((-2)/j). Let q = f + 20. Is q a multiple of 5?
True
Let w = 192 + -116. Is w a multiple of 38?
True
Suppose 27 + 44 = -5*i + 2*r, -3*r + 24 = -2*i. Suppose 29 = 2*j - 45. Let p = i + j. Is 11 a factor of p?
True
Let j(i) = 4 + 6 - 6 - 3*i. Let d be j(-3). Let u = d - 5. Is 4 a factor of u?
True
Let r(p) = p**2 - 6*p + 3. Let v be r(6). Suppose 0*c - v*c = -60. Does 20 divide c?
True
Suppose 0 = 5*a - 2*x - 916, x - 901 = -5*a - 2*x. Is 8 a factor of a?
False
Let j = -326 - -521. Is j a multiple of 34?
False
Suppose 0 = -3*v - 0 + 9. Is 17 a factor of 110/2 - 2 - v?
False
Let t(m) = -8*m + 1. Let k(o) = o**3 - o**2 - o - 1. Let b be k(0). Is 9 a factor of t(b)?
True
Let y(c) = c**3 + 8*c**2 + 10*c + 6. Let u be y(-7). Let p be 2/5 - 54/u. Is 688/18 + p/(-18) a multiple of 19?
True
Let l = -4 - -11. Suppose -3*d - 35 = -4*q, 15 = -2*q - l*d + 2*d. Suppose 6 + q = j. Is 7 a factor of j?
False
Suppose 110 = -q + 134. Is q a multiple of 15?
False
Let c(r) = -18*r**3 + 2*r**2 + 2*r. Does 22 divide c(-2)?
False
Let r be 333/(-6) - 2/4. Let m = -11 - r. Is m a multiple of 12?
False
Suppose 4*r = 8*r - 8. Let b be (0 - r)/(6/(-93)). Suppose -2*t + 4*m + 68 = 0, -4*t = -4*m - 113 - b. Does 17 divide t?
False
Let r(b) be the second derivative of b**4/12 + b**3/3 + b**2/2 - b. Is r(-6) a multiple of 8?
False
Let g = 10 - -3. Suppose -5*w + g = -7. Suppose -3*a + 5 = 4*d - 3*d, 2*a = -w*d + 20. Is 2 a factor of d?
False
Suppose -149 + 24 = -5*z. Is z a multiple of 24?
False
Suppose 5*f = -0*f - 2*j + 126, -3*j - 111 = -5*f. Is f a multiple of 13?
False
Let t be ((-1)/3)/((-3)/9). Let z = 0 + t. Is 3/(0 - z/(-3)) a multiple of 9?
True
Let s(b) = 35*b - 4. Let t(i) = 23*i - 3. Let j(p) = 5*s(p) - 7*t(p). Let f(g) = g**3 - 7*g**2 + 8*g - 9. Let y be f(6). Does 18 divide j(y)?
False
Let k(b) = -b**2 - 10*b + 7. Suppose -40 = 4*q - 4*a - a, 17 = -q + 3*a. Let h = q + -2. Does 14 divide k(h)?
True
Let k = -401 - -213. Let l be 2/(-10) + k/10. Let r = l - -28. Does 7 divide r?
False
Let v be (-6)/(-10) + 35/25. Suppose 2*q - 6 = -4*w, q + 8 = v*w - 5. Is w even?
True
Suppose -h = 5*o - 10 - 25, 0 = 2*h + 4*o - 40. Suppose 0*k - h = -2*k. Is k a multiple of 4?
False
Suppose 0 = 2*l + 4, 0*g + g + 3*l = 96. Is g a multiple of 51?
True
Let r be (11/(-2))/((-1)/(-4)). Does 10 divide (-4)/((-8)/r)*-1?
False
Suppose -5*s + 2*s + 9 = 0. Suppose -z + s*z + 12 = 3*w, -2*w - 8 = 4*z. Suppose 2*b = 6 + w. Is b a multiple of 2?
True
Let r(c) = -c**3 + 6*c**2 + c + 3. Let v = -2 - -7. Let m = v - -1. Is 8 a factor of r(m)?
False
Let z(t) = 5*t**2. Suppose 0 = -x + f - 3, 3*x - 3*f = 4*x - 5. Is z(x) a multiple of 5?
True
Suppose b + 5*n = -0*n - 2, 3*n + 12 = 3*b. Suppose -b*z = 2*z + r - 216, -r = -z + 48. Is z a multiple of 21?
False
Is 8 a factor of (-6)/(-21) - 1110/(-35)?
True
Is 15 a factor of -10*(1 + -4) - 0?
True
Suppose -3*t - 24 = -4*r, -6*r + r - 3*t + 3 = 0. Suppose r*b - 25 = 35. Let m = b - -6. Is m a multiple of 11?
False
Let v(s) = s**3 + s**2 + s + 2. Let g be v(0). Let h be (-4)/g*155/(-2). Suppose 6*n - h = n. Is 15 a factor of n?
False
Let b = -39 - -24. Let x = -3 - b. Is x a multiple of 4?
True
Let z(h) = h**3 + 6*h**2 - h - 6. Let l be z(-6). Suppose -5*s + 4*s + 73 = l. Is 29 a factor of s?
False
Is 9 - (1 - (5 - 3)) a multiple of 3?
False
Let x = 11 - 15. Let p be (2 + 12)*(-2)/x. Suppose -p*y + 3*y + 36 = 4*c, 3*y - c = 35. Is 11 a factor of y?
True
Let y(b) = 6*b**2 - 9*b + 9. Is 47 a factor of y(5)?
False
Let k(u) = -u**3 - 2*u**2 - u. Let v be k(-2). Is v/1 - (1 + -10) a multiple of 11?
True
Suppose -3*o = -4*k - 76, -o + 4*k + 2 + 10 = 0. Is o a multiple of 19?
False
Let g(d) = -2*d**3 - 11*d**2 + 4*d - 4. Is g(-6) a multiple of 3?
False
Let q(p) = -2*p**2 - 6*p + 7. Let g(k) = -3*k**2 - 12*k + 14. Let r(w) = 3*g(w) - 5*q(w). Is r(9) a multiple of 34?
True
Suppose 0 = 2*i + 2*i. Is 19 a factor of 2 - (3*-12 - i)?
True
Let h